{"id":239,"date":"2018-03-10T18:18:28","date_gmt":"2018-03-10T18:18:28","guid":{"rendered":"https:\/\/www.ref-cordast.ch\/?page_id=239"},"modified":"2025-11-19T13:41:20","modified_gmt":"2025-11-19T13:41:20","slug":"freiwillige","status":"publish","type":"page","link":"https:\/\/ref-cordast.ch\/fr\/about\/freiwillige\/","title":{"rendered":"B\u00e9n\u00e9voles"},"content":{"rendered":"<div class=\"wp-block-image\">\n<figure class=\"alignright size-full is-resized\"><img loading=\"lazy\" decoding=\"async\" width=\"640\" height=\"427\" src=\"http:\/\/www.ref-cordast.ch\/wp-content\/uploads\/2018\/11\/DSC_0585-1.jpg\" alt=\"\" class=\"wp-image-1454\" style=\"width:462px;height:308px\" srcset=\"https:\/\/ref-cordast.ch\/wp-content\/uploads\/2018\/11\/DSC_0585-1.jpg 640w, https:\/\/ref-cordast.ch\/wp-content\/uploads\/2018\/11\/DSC_0585-1-300x200.jpg 300w, https:\/\/ref-cordast.ch\/wp-content\/uploads\/2018\/11\/DSC_0585-1-600x400.jpg 600w\" sizes=\"auto, (max-width: 640px) 100vw, 640px\" \/><figcaption class=\"wp-element-caption\"><\/figcaption><\/figure>\n<\/div>\n\n<p><\/p>\n<h3><strong>Engag\u00e9s et indispensables<\/strong><\/h3>\n<p>Notre \u00e9glise vit et bouge gr\u00e2ce aux grand nombre de b\u00e9n\u00e9voles. Chacun-e d&rsquo;entre eux-elles am\u00e8ne avec lui-elle, son talent, ses int\u00e9r\u00eats, ses visions et sa sensibilit\u00e9. Ensemble dans tout ce qui fait de nous une communaut\u00e9 nous b\u00e2tissons l&rsquo;\u00e9glise.<\/p>\n<p><em><strong>Nous recherchons:<\/strong><\/em><\/p>\n<ul>\n<li><em>Pour l&rsquo;Ap\u00e9ro-Team: une personne qui aime \u00eatre h\u00f4te et accueillir les visiteurs lors de f\u00eates paroissiales ou au moment des ap\u00e9ritifs apr\u00e8s le culte. Vous avez envie de faire partie d&rsquo;une chouette \u00e9quipe? Alors prenez contact avec la conseill\u00e8re de paroisse:<\/em><strong>\u00a0<a href=\"https:\/\/ref-cordast.ch\/dvteam\/monika-stupan-minder\/\">Monika Stupan-Minder<\/a><\/strong><\/li>\n<\/ul>\n<p><\/p>","protected":false},"excerpt":{"rendered":"<p>Engag\u00e9s et indispensables Notre \u00e9glise vit et bouge gr\u00e2ce aux grand nombre de b\u00e9n\u00e9voles. Chacun-e d&rsquo;entre eux-elles am\u00e8ne avec lui-elle, son talent, ses int\u00e9r\u00eats, ses visions et sa sensibilit\u00e9. Ensemble dans tout ce qui fait de nous une communaut\u00e9 nous b\u00e2tissons l&rsquo;\u00e9glise. Nous recherchons: Pour l&rsquo;Ap\u00e9ro-Team: une personne qui aime \u00eatre h\u00f4te et accueillir les [&hellip;]<\/p>\n","protected":false},"author":9,"featured_media":0,"parent":236,"menu_order":0,"comment_status":"closed","ping_status":"closed","template":"","meta":{"footnotes":""},"class_list":["post-239","page","type-page","status-publish","hentry"],"_links":{"self":[{"href":"https:\/\/ref-cordast.ch\/fr\/wp-json\/wp\/v2\/pages\/239","targetHints":{"allow":["GET"]}}],"collection":[{"href":"https:\/\/ref-cordast.ch\/fr\/wp-json\/wp\/v2\/pages"}],"about":[{"href":"https:\/\/ref-cordast.ch\/fr\/wp-json\/wp\/v2\/types\/page"}],"author":[{"embeddable":true,"href":"https:\/\/ref-cordast.ch\/fr\/wp-json\/wp\/v2\/users\/9"}],"replies":[{"embeddable":true,"href":"https:\/\/ref-cordast.ch\/fr\/wp-json\/wp\/v2\/comments?post=239"}],"version-history":[{"count":11,"href":"https:\/\/ref-cordast.ch\/fr\/wp-json\/wp\/v2\/pages\/239\/revisions"}],"predecessor-version":[{"id":7577,"href":"https:\/\/ref-cordast.ch\/fr\/wp-json\/wp\/v2\/pages\/239\/revisions\/7577"}],"up":[{"embeddable":true,"href":"https:\/\/ref-cordast.ch\/fr\/wp-json\/wp\/v2\/pages\/236"}],"wp:attachment":[{"href":"https:\/\/ref-cordast.ch\/fr\/wp-json\/wp\/v2\/media?parent=239"}],"curies":[{"name":"wp","href":"https:\/\/api.w.org\/{rel}","templated":true}]}}

Bénévoles

<div class="wp-block-image">
<figure class="alignright size-full is-resized"><img loading="lazy" decoding="async" width="640" height="427" src="http://www.ref-cordast.ch/wp-content/uploads/2018/11/DSC_0585-1.jpg" alt="" class="wp-image-1454" style="width:462px;height:308px" srcset="https://ref-cordast.ch/wp-content/uploads/2018/11/DSC_0585-1.jpg 640w, https://ref-cordast.ch/wp-content/uploads/2018/11/DSC_0585-1-300x200.jpg 300w, https://ref-cordast.ch/wp-content/uploads/2018/11/DSC_0585-1-600x400.jpg 600w" sizes="auto, (max-width: 640px) 100vw, 640px" /><figcaption class="wp-element-caption"></figcaption></figure>
</div>

<p></p>
<h3><strong>Engagés et indispensables</strong></h3>
<p>Notre église vit et bouge grâce aux grand nombre de bénévoles. Chacun-e d&rsquo;entre eux-elles amène avec lui-elle, son talent, ses intérêts, ses visions et sa sensibilité. Ensemble dans tout ce qui fait de nous une communauté nous bâtissons l&rsquo;église.</p>
<p><em><strong>Nous recherchons:</strong></em></p>
<ul>
<li><em>Pour l&rsquo;Apéro-Team: une personne qui aime être hôte et accueillir les visiteurs lors de fêtes paroissiales ou au moment des apéritifs après le culte. Vous avez envie de faire partie d&rsquo;une chouette équipe? Alors prenez contact avec la conseillère de paroisse:</em><strong> <a href="https://ref-cordast.ch/dvteam/monika-stupan-minder/">Monika Stupan-Minder</a></strong></li>
</ul>
<p></p>

<p>Engagés et indispensables Notre église vit et bouge grâce aux grand nombre de bénévoles. Chacun-e d&rsquo;entre eux-elles amène avec lui-elle, son talent, ses intérêts, ses visions et sa sensibilité. Ensemble dans tout ce qui fait de nous une communauté nous bâtissons l&rsquo;église. Nous recherchons: Pour l&rsquo;Apéro-Team: une personne qui aime être hôte et accueillir les [&hellip;]</p>
